{"id":1690,"date":"2025-06-25T12:48:54","date_gmt":"2025-06-25T12:48:54","guid":{"rendered":"https:\/\/amatci.tresor.gouv.ci\/?page_id=1690"},"modified":"2026-04-27T17:17:47","modified_gmt":"2026-04-27T17:17:47","slug":"conseil_administration","status":"publish","type":"page","link":"https:\/\/amatci.tresor.gouv.ci\/index.php\/conseil_administration\/","title":{"rendered":"Conseil d\u2019Administration"},"content":{"rendered":"\t\t<div data-elementor-type=\"wp-page\" data-elementor-id=\"1690\" class=\"elementor elementor-1690\">\n\t\t\t\t\t\t<section class=\"elementor-section elementor-top-section elementor-element elementor-element-c987efa elementor-section-content-middle elementor-section-boxed elementor-section-height-default elementor-section-height-default\" data-id=\"c987efa\" data-element_type=\"section\">\n\t\t\t\t\t\t<div class=\"elementor-container elementor-column-gap-extended\">\n\t\t\t\t\t<div class=\"elementor-column elementor-col-100 elementor-top-column elementor-element elementor-element-2d23974 ot-flex-column-vertical\" data-id=\"2d23974\" data-element_type=\"column\">\n\t\t\t<div class=\"elementor-widget-wrap elementor-element-populated\">\n\t\t\t\t\t\t<div class=\"elementor-element elementor-element-8809aad elementor-widget elementor-widget-iheading\" data-id=\"8809aad\" data-element_type=\"widget\" data-widget_type=\"iheading.default\">\n\t\t\t\t<div class=\"elementor-widget-container\">\n\t\t\t\t\t\t\t<div class=\"ot-heading\">\r\n\t        <span class=\"is_highlight\">L'AMAT-CI -- Assurance sant\u00e9<\/span>\t        <h3 class=\"main-head\">1.\tComposition du Conseil d\u2019Administration<\/h3>\t    <\/div>\r\n\t    \t\t\t\t<\/div>\n\t\t\t\t<\/div>\n\t\t\t\t<div class=\"elementor-element elementor-element-8d76f45 elementor-widget elementor-widget-text-editor\" data-id=\"8d76f45\" data-element_type=\"widget\" data-widget_type=\"text-editor.default\">\n\t\t\t\t<div class=\"elementor-widget-container\">\n\t\t\t\t\t\t\t\t\t<p>L\u2019AMAT-CI est administr\u00e9e par un Conseil d\u2019Administration de douze (12) membres, compos\u00e9 d\u2019Administrateurs \u00e9lus parmi les d\u00e9l\u00e9gu\u00e9s repartis par coll\u00e8ges \u00e9lectoraux.<\/p><p>La composition des coll\u00e8ges \u00e9lectoraux et le nombre d\u2019Administrateurs qui y sont issus sont :<\/p><ul><li>Le coll\u00e8ge de la Direction G\u00e9n\u00e9rale du Tr\u00e9sor et de la Comptabilit\u00e9 Publique repr\u00e9sent\u00e9 par cinq (05) Administrateurs ;<\/li><li>Le coll\u00e8ge du Centre M\u00e9dical Paul Antoine BOHOUN BOUABRE repr\u00e9sent\u00e9 par un (01) Administrateur ;<\/li><li>Le coll\u00e8ge des Associations et Amicales repr\u00e9sent\u00e9 par trois (03) Administrateurs ;<\/li><li>Le coll\u00e8ge des syndicats repr\u00e9sent\u00e9 par trois (03) Administrateurs.<\/li><\/ul><p>Le Conseil d\u2019administration est investi dans ses fonctions par le Directeur G\u00e9n\u00e9ral du Tr\u00e9sor et de la Comptabilit\u00e9 Publique.<\/p>\t\t\t\t\t\t\t\t<\/div>\n\t\t\t\t<\/div>\n\t\t\t\t<div class=\"elementor-element elementor-element-82a0da5 elementor-widget elementor-widget-iheading\" data-id=\"82a0da5\" data-element_type=\"widget\" data-widget_type=\"iheading.default\">\n\t\t\t\t<div class=\"elementor-widget-container\">\n\t\t\t\t\t\t\t<div class=\"ot-heading\">\r\n\t        \t        <h3 class=\"main-head\">2.\tDur\u00e9e du mandat des Administrateurs <\/h3>\t    <\/div>\r\n\t    \t\t\t\t<\/div>\n\t\t\t\t<\/div>\n\t\t\t\t<div class=\"elementor-element elementor-element-4873c02 elementor-widget elementor-widget-text-editor\" data-id=\"4873c02\" data-element_type=\"widget\" data-widget_type=\"text-editor.default\">\n\t\t\t\t<div class=\"elementor-widget-container\">\n\t\t\t\t\t\t\t\t\tLes Administrateurs sont \u00e9lus pour un mandat de trois (3) ans, renouvelable une fois. Il peut \u00eatre mis fin au mandat d\u2019un Administrateur, dans les conditions pr\u00e9vues au R\u00e8glement Int\u00e9rieur. \t\t\t\t\t\t\t\t<\/div>\n\t\t\t\t<\/div>\n\t\t\t\t<div class=\"elementor-element elementor-element-fd16db9 elementor-widget elementor-widget-iheading\" data-id=\"fd16db9\" data-element_type=\"widget\" data-widget_type=\"iheading.default\">\n\t\t\t\t<div class=\"elementor-widget-container\">\n\t\t\t\t\t\t\t<div class=\"ot-heading\">\r\n\t        \t        <h3 class=\"main-head\">3.\tElection du pr\u00e9sident du Conseil d\u2019Administration <\/h3>\t    <\/div>\r\n\t    \t\t\t\t<\/div>\n\t\t\t\t<\/div>\n\t\t\t\t<div class=\"elementor-element elementor-element-b5753cd elementor-widget elementor-widget-text-editor\" data-id=\"b5753cd\" data-element_type=\"widget\" data-widget_type=\"text-editor.default\">\n\t\t\t\t<div class=\"elementor-widget-container\">\n\t\t\t\t\t\t\t\t\t<p>Le Conseil d\u2019Administration \u00e9lit parmi les Administrateurs repr\u00e9sentant le coll\u00e8ge de la Direction G\u00e9n\u00e9rale du Tr\u00e9sor et de la Comptabilit\u00e9 Publique, au scrutin secret \u00e0 la majorit\u00e9 simple, un pr\u00e9sident. La dur\u00e9e de son mandat est de trois (3) ans, renouvelable une fois.<br \/>Il peut \u00eatre mis fin \u00e0 son mandat, \u00e0 tout moment, par un vote de d\u00e9fiance acquis \u00e0 la majorit\u00e9 des trois quarts (3\/4) des membres dudit conseil.<\/p>\t\t\t\t\t\t\t\t<\/div>\n\t\t\t\t<\/div>\n\t\t\t\t<div class=\"elementor-element elementor-element-5600640 elementor-widget elementor-widget-iheading\" data-id=\"5600640\" data-element_type=\"widget\" data-widget_type=\"iheading.default\">\n\t\t\t\t<div class=\"elementor-widget-container\">\n\t\t\t\t\t\t\t<div class=\"ot-heading\">\r\n\t        \t        <h3 class=\"main-head\">4.\tR\u00e9mun\u00e9ration des Administrateurs <\/h3>\t    <\/div>\r\n\t    \t\t\t\t<\/div>\n\t\t\t\t<\/div>\n\t\t\t\t<div class=\"elementor-element elementor-element-61b1f8e elementor-widget elementor-widget-text-editor\" data-id=\"61b1f8e\" data-element_type=\"widget\" data-widget_type=\"text-editor.default\">\n\t\t\t\t<div class=\"elementor-widget-container\">\n\t\t\t\t\t\t\t\t\t<p>Les fonctions de membre du Conseil d\u2019Administration sont gratuites.<br \/>Toutefois, l\u2019Assembl\u00e9e G\u00e9n\u00e9rale, sur proposition du Conseil d\u2019Administration, alloue aux Administrateurs des indemnit\u00e9s de suj\u00e9tion au cours des sessions et ce, conform\u00e9ment aux dispositions pr\u00e9vues au R\u00e8glement Int\u00e9rieur.<\/p>\t\t\t\t\t\t\t\t<\/div>\n\t\t\t\t<\/div>\n\t\t\t\t<div class=\"elementor-element elementor-element-416f117 elementor-widget elementor-widget-iheading\" data-id=\"416f117\" data-element_type=\"widget\" data-widget_type=\"iheading.default\">\n\t\t\t\t<div class=\"elementor-widget-container\">\n\t\t\t\t\t\t\t<div class=\"ot-heading\">\r\n\t        \t        <h3 class=\"main-head\">5.\tPouvoirs du Conseil d\u2019Administration <\/h3>\t    <\/div>\r\n\t    \t\t\t\t<\/div>\n\t\t\t\t<\/div>\n\t\t\t\t<div class=\"elementor-element elementor-element-70fa547 elementor-widget elementor-widget-text-editor\" data-id=\"70fa547\" data-element_type=\"widget\" data-widget_type=\"text-editor.default\">\n\t\t\t\t<div class=\"elementor-widget-container\">\n\t\t\t\t\t\t\t\t\t<ul><li>Le Conseil d\u2019Administration est investi des pouvoirs qui lui sont propres.<br \/>Il b\u00e9n\u00e9ficie, en outre, des pouvoirs d\u00e9l\u00e9gu\u00e9s par r\u00e9solution de l\u2019Assembl\u00e9e G\u00e9n\u00e9rale, pour agir au nom de l\u2019AMAT-CI.<br \/>Le Conseil d\u2019administration est investi notamment des pouvoirs ci-apr\u00e8s :<br \/>\u00e9lire le pr\u00e9sident du Conseil d\u2019administration parmi les Administrateurs repr\u00e9sentant la Direction G\u00e9n\u00e9rale du Tr\u00e9sor et de la Comptabilit\u00e9 Publique ;<\/li><li>convoquer l\u2019Assembl\u00e9e G\u00e9n\u00e9rale et d\u00e9terminer l\u2019ordre du jour ;<\/li><li>superviser les op\u00e9rations de d\u00e9signation des d\u00e9l\u00e9gu\u00e9s des Commissions locales ;<\/li><li>veiller \u00e0 l\u2019ex\u00e9cution des d\u00e9cisions de l\u2019Assembl\u00e9e g\u00e9n\u00e9rale ;<\/li><li>examiner et proposer \u00e0 l\u2019Assembl\u00e9e G\u00e9n\u00e9rale, pour approbation, les budgets de fonctionnement et d\u2019investissement de l\u2019exercice ;<\/li><li>\u00e9tablir un rapport de gestion \u00e0 pr\u00e9senter \u00e0 l\u2019Assembl\u00e9e G\u00e9n\u00e9rale ;<\/li><li>arr\u00eater les comptes annuels ;<\/li><li>d\u00e9finir le mode de gestion financi\u00e8re et comptable, selon la r\u00e9glementation en vigueur ;<\/li><li>nommer l\u2019Administrateur G\u00e9n\u00e9ral et fixer sa r\u00e9mun\u00e9ration ;<\/li><li>r\u00e9voquer l\u2019Administrateur G\u00e9n\u00e9ral en cas de non-respect des clauses de son contrat d\u2019engagement ;<\/li><li>cr\u00e9er des commissions techniques pour des sujets pr\u00e9cis et d\u00e9signer leurs membres ;<\/li><li>statuer et adopter les \u00e9tudes, plans et projets propos\u00e9s par l\u2019Administration g\u00e9n\u00e9rale ;<\/li><li>statuer et adopter le montant des cotisations et des frais de dossiers, la liste des prestations, la nomenclature des prestations remboursables ;<\/li><li>proposer \u00e0 l\u2019Assembl\u00e9e G\u00e9n\u00e9rale, les jetons de pr\u00e9sence \u00e0 allouer aux administrateurs;<br \/>pourvoir au remplacement d\u2019un Administrateur dans des cas de d\u00e9mission, de r\u00e9vocation, de licenciement ou de d\u00e9c\u00e8s.<br \/>Le Conseil d\u2019Administration d\u00e9lib\u00e8re \u00e9galement sur :<\/li><li>l\u2019organisation G\u00e9n\u00e9rale des services, sur proposition de l\u2019Administrateur G\u00e9n\u00e9ral ;<\/li><li>le statut du personnel, la grille des salaires, les avantages sociaux et les cas de radiation ;<\/li><li>l\u2019acquisition, la cession, la vente, la location, la construction ou l\u2019am\u00e9nagement de biens immeubles ;<\/li><li>le placement et le transfert de fond ;<\/li><li>le rapport de gestion et les comptes annuels de l\u2019Administrateur G\u00e9n\u00e9ral.<\/li><\/ul><p>Le Conseil d\u2019Administration peut d\u00e9l\u00e9guer, sous sa responsabilit\u00e9 et son contr\u00f4le, une partie de ses pouvoirs \u00e0 l\u2019Administrateur G\u00e9n\u00e9ral.<\/p>\t\t\t\t\t\t\t\t<\/div>\n\t\t\t\t<\/div>\n\t\t\t\t<div class=\"elementor-element elementor-element-9552f38 elementor-widget elementor-widget-iheading\" data-id=\"9552f38\" data-element_type=\"widget\" data-widget_type=\"iheading.default\">\n\t\t\t\t<div class=\"elementor-widget-container\">\n\t\t\t\t\t\t\t<div class=\"ot-heading\">\r\n\t        \t        <h3 class=\"main-head\">6.\tTransmission de documents par le Conseil d\u2019Administration<\/h3>\t    <\/div>\r\n\t    \t\t\t\t<\/div>\n\t\t\t\t<\/div>\n\t\t\t\t<div class=\"elementor-element elementor-element-dae184e elementor-widget elementor-widget-text-editor\" data-id=\"dae184e\" data-element_type=\"widget\" data-widget_type=\"text-editor.default\">\n\t\t\t\t<div class=\"elementor-widget-container\">\n\t\t\t\t\t\t\t\t\t<p>Le Conseil d\u2019Administration transmet \u00e0 la Direction G\u00e9n\u00e9rale du Tr\u00e9sor et de la Comptabilit\u00e9 Publique et \u00e0 l\u2019Inspection G\u00e9n\u00e9rale du Tr\u00e9sor les documents suivants :<\/p><ul><li>Le rapport annuel de gestion ;<\/li><li>Les \u00e9tats financiers de l\u2019exercice \u00e9coul\u00e9 ;<\/li><li>Le rapport des Commissaires aux Comptes pour l\u2019exercice \u00e9coul\u00e9 ;<\/li><li>Le rapport de l\u2019Agence Ivoirienne de R\u00e9gularisation de la Mutualit\u00e9 Sociale en cas de contr\u00f4le.<\/li><\/ul>\t\t\t\t\t\t\t\t<\/div>\n\t\t\t\t<\/div>\n\t\t\t\t<div class=\"elementor-element elementor-element-1b01f6a elementor-widget elementor-widget-iheading\" data-id=\"1b01f6a\" data-element_type=\"widget\" data-widget_type=\"iheading.default\">\n\t\t\t\t<div class=\"elementor-widget-container\">\n\t\t\t\t\t\t\t<div class=\"ot-heading\">\r\n\t        \t        <h3 class=\"main-head\">7.\tPouvoirs du Pr\u00e9sident du Conseil d\u2019Administration<\/h3>\t    <\/div>\r\n\t    \t\t\t\t<\/div>\n\t\t\t\t<\/div>\n\t\t\t\t<div class=\"elementor-element elementor-element-80bc49a elementor-widget elementor-widget-text-editor\" data-id=\"80bc49a\" data-element_type=\"widget\" data-widget_type=\"text-editor.default\">\n\t\t\t\t<div class=\"elementor-widget-container\">\n\t\t\t\t\t\t\t\t\t<p>Le Pr\u00e9sident du Conseil d\u2019Administration a des pouvoirs g\u00e9n\u00e9raux de repr\u00e9sentation.<br \/>A ce titre, il a droit \u00e0 un cabinet dont la composition est fix\u00e9e par le R\u00e8glement Int\u00e9rieur.<\/p>\t\t\t\t\t\t\t\t<\/div>\n\t\t\t\t<\/div>\n\t\t\t\t<div class=\"elementor-element elementor-element-eab957b elementor-widget elementor-widget-iheading\" data-id=\"eab957b\" data-element_type=\"widget\" data-widget_type=\"iheading.default\">\n\t\t\t\t<div class=\"elementor-widget-container\">\n\t\t\t\t\t\t\t<div class=\"ot-heading\">\r\n\t        \t        <h3 class=\"main-head\">8.\tD\u00e9mission d\u2019office <\/h3>\t    <\/div>\r\n\t    \t\t\t\t<\/div>\n\t\t\t\t<\/div>\n\t\t\t\t<div class=\"elementor-element elementor-element-a129d72 elementor-widget elementor-widget-text-editor\" data-id=\"a129d72\" data-element_type=\"widget\" data-widget_type=\"text-editor.default\">\n\t\t\t\t<div class=\"elementor-widget-container\">\n\t\t\t\t\t\t\t\t\t<p>Les membres du Conseil d\u2019Administration peuvent, par d\u00e9cision de ce Conseil, \u00eatre d\u00e9clar\u00e9s d\u00e9missionnaires d\u2019office de leurs fonctions en cas d\u2019absence, sans motif valable, \u00e0 trois (3) s\u00e9ances ordinaires cons\u00e9cutives au cours de la m\u00eame ann\u00e9e.<\/p><p><br \/>Cette d\u00e9cision est ratifi\u00e9e par la prochaine Assembl\u00e9e G\u00e9n\u00e9rale.<\/p>\t\t\t\t\t\t\t\t<\/div>\n\t\t\t\t<\/div>\n\t\t\t\t<div class=\"elementor-element elementor-element-62e801d elementor-widget elementor-widget-iheading\" data-id=\"62e801d\" data-element_type=\"widget\" data-widget_type=\"iheading.default\">\n\t\t\t\t<div class=\"elementor-widget-container\">\n\t\t\t\t\t\t\t<div class=\"ot-heading\">\r\n\t        \t        <h3 class=\"main-head\">9.\tIncompatibilit\u00e9 <\/h3>\t    <\/div>\r\n\t    \t\t\t\t<\/div>\n\t\t\t\t<\/div>\n\t\t\t\t<div class=\"elementor-element elementor-element-45650f2 elementor-widget elementor-widget-text-editor\" data-id=\"45650f2\" data-element_type=\"widget\" data-widget_type=\"text-editor.default\">\n\t\t\t\t<div class=\"elementor-widget-container\">\n\t\t\t\t\t\t\t\t\t<p>Le mandat d\u2019Administrateur est incompatible avec toute fonction au sein de l\u2019Administration g\u00e9n\u00e9rale de l\u2019AMAT-CI.<br \/>L\u2019Administrateur, appel\u00e9 \u00e0 exercer une fonction au sein de l\u2019Administration G\u00e9n\u00e9rale de l\u2019AMAT-CI, doit d\u00e9missionner du Conseil d\u2019Administration, sous r\u00e9serve des dispositions pr\u00e9vues au R\u00e8glement Int\u00e9rieur.<\/p>\t\t\t\t\t\t\t\t<\/div>\n\t\t\t\t<\/div>\n\t\t\t\t\t<\/div>\n\t\t<\/div>\n\t\t\t\t\t<\/div>\n\t\t<\/section>\n\t\t\t\t<\/div>\n\t\t","protected":false},"excerpt":{"rendered":"<p>L&rsquo;AMAT-CI &#8212; Assurance sant\u00e9 1. Composition du Conseil d\u2019Administration L\u2019AMAT-CI est administr\u00e9e par un Conseil d\u2019Administration de douze (12) membres, compos\u00e9 d\u2019Administrateurs \u00e9lus parmi les d\u00e9l\u00e9gu\u00e9s repartis par coll\u00e8ges \u00e9lectoraux. La composition des coll\u00e8ges \u00e9lectoraux et le nombre d\u2019Administrateurs qui y sont issus sont : Le coll\u00e8ge de la Direction G\u00e9n\u00e9rale du Tr\u00e9sor et de [&hellip;]<\/p>\n","protected":false},"author":1,"featured_media":0,"parent":0,"menu_order":0,"comment_status":"closed","ping_status":"closed","template":"","meta":{"footnotes":""},"class_list":["post-1690","page","type-page","status-publish","hentry"],"_links":{"self":[{"href":"https:\/\/amatci.tresor.gouv.ci\/index.php\/wp-json\/wp\/v2\/pages\/1690","targetHints":{"allow":["GET"]}}],"collection":[{"href":"https:\/\/amatci.tresor.gouv.ci\/index.php\/wp-json\/wp\/v2\/pages"}],"about":[{"href":"https:\/\/amatci.tresor.gouv.ci\/index.php\/wp-json\/wp\/v2\/types\/page"}],"author":[{"embeddable":true,"href":"https:\/\/amatci.tresor.gouv.ci\/index.php\/wp-json\/wp\/v2\/users\/1"}],"replies":[{"embeddable":true,"href":"https:\/\/amatci.tresor.gouv.ci\/index.php\/wp-json\/wp\/v2\/comments?post=1690"}],"version-history":[{"count":7,"href":"https:\/\/amatci.tresor.gouv.ci\/index.php\/wp-json\/wp\/v2\/pages\/1690\/revisions"}],"predecessor-version":[{"id":3015,"href":"https:\/\/amatci.tresor.gouv.ci\/index.php\/wp-json\/wp\/v2\/pages\/1690\/revisions\/3015"}],"wp:attachment":[{"href":"https:\/\/amatci.tresor.gouv.ci\/index.php\/wp-json\/wp\/v2\/media?parent=1690"}],"curies":[{"name":"wp","href":"https:\/\/api.w.org\/{rel}","templated":true}]}}